{"id":2,"date":"2018-03-13T10:36:08","date_gmt":"2018-03-13T09:36:08","guid":{"rendered":"http:\/\/cabinet-chambet-avocats.com\/?page_id=2"},"modified":"2023-01-13T14:18:28","modified_gmt":"2023-01-13T13:18:28","slug":"page-d-exemple","status":"publish","type":"page","link":"https:\/\/cabinet-chambet-avocats.com\/","title":{"rendered":""},"content":{"rendered":"<p  style=\"text-align: center;\">\n<p  style=\"text-align: center;\">\n<p  style=\"text-align: center;\">\n<div  data-label=\"Bienvenue\" data-id=\"content-image-left\" data-category=\"content\" class=\"content-left-image-section content-image-left content-relative\" id=\"bienvenue-1\" style=\"background-color: rgb(246, 246, 246); background-image: none;\" data-ovid=\"ovid-content-3-1640\">\n<div  class=\"gridContainer\">\n<div  class=\"row\">\n<div  class=\"content-left-image-imgcol\" data-type=\"column\"> <img  decoding=\"async\" src=\"https:\/\/cabinet-chambet-avocats.com\/wp-content\/uploads\/2020\/09\/FRA-Cabinet-Chambet-10-_DSF5062.jpg\" class=\"\"> <\/div>\n<div  class=\"content-left-image-textcol dynamic-color\" data-type=\"column\">\n<h2  class=\"\">Bienvenue<\/h2>\n<p  class=\"large_text\">La SELARL Val\u00e9rie Chambet, soci\u00e9t\u00e9 d\u2019avocats, vous accueille \u00e0 La-Roche-sur-Foron (Haute Savoie).<br \/>\n<br >Toute notre \u00e9quipe est \u00e0 votre disposition pour vous conseiller et d\u00e9fendre vos int\u00e9r\u00eats.<\/p>\n<p>Nous exer\u00e7ons une activit\u00e9 dominante en droit des personnes devant les juridictions civiles (telles le Tribunal Judiciaire (dont le juge aux affaires familiales et le juge des enfants) ou le Tribunal d\u2019Instance), mais \u00e9galement devant toutes les instances p\u00e9nales (juge d\u2019instruction, tribunal correctionnel, cour d\u2019assises\u2026) ainsi que dans les d\u00e9marches non judiciaires tels le nouveau divorce par consentement mutuel ou la conclusion d\u2019un PACS.\n<\/p>\n<\/p><\/div>\n<\/p><\/div>\n<\/p><\/div>\n<\/p><\/div>\n<div  data-label=\"Bienvenue2\" data-id=\"about-images-right-section\" data-category=\"about\" class=\"about-images-right-section content-relative\" id=\"bienvenue2\" style=\"background-color: rgb(255, 255, 255); background-image: none;\" data-ovid=\"ovid-bienvenue2-2178\">\n<div  class=\"section-separator-bottom\">\n    <svg  xmlns=\"http:\/\/www.w3.org\/2000\/svg\" viewBox=\"0 0 1000 100\" preserveAspectRatio=\"none\" data-separator-name=\"triangle-asymmetrical\" class=\"section-separator-bottom\">\n\t<path  class=\"svg-white-bg\" d=\"M738,99l262-93V0H0v5.6L738,99z\"><\/path>\n<\/svg>\n<\/div>\n<div  class=\"gridContainer dynamic-color\">\n<div  class=\"about-images-right-innerrow dynamic-color\">\n<div  class=\"about-images-right-textcol\" data-type=\"column\">\n<p  class=\"\">\nNous pouvons ainsi vous conseiller, vous accompagner et vous repr\u00e9senter avant, pendant et apr\u00e8s les proc\u00e9dures ou les actes n\u00e9cessit\u00e9s par les situations et \u00e9v\u00e9nements auxquels vous \u00eates confront\u00e9s.<\/p>\n<p>Nos domaines d\u2019intervention sont notamment : le droit de la famille, le droit des mineurs, les proc\u00e9dures en lien avec les ordonnances de mises sous protection, les s\u00e9parations et leurs cons\u00e9quences, les divorces, les successions, les changements, liquidations et partages des r\u00e9gimes matrimoniaux, les adoptions, les changements de pr\u00e9noms, les affaires p\u00e9nales (de la garde \u00e0 vue \u00e0 l\u2019audience, en passant par l\u2019instruction), le droit des victimes, mais \u00e9galement tous les contentieux civils, ainsi que les d\u00e9marches conventionnelles et contractuelles (baux d\u2019habitation, baux commerciaux\u2026).<\/p>\n<p>Nous travaillons en collaboration avec des associations de protections des majeurs et l\u2019association \u00ab&nbsp;Espace Femmes Genevieve D&nbsp;\u00bb.<\/p>\n<p>N\u2019h\u00e9sitez pas :<\/p>\n<p><a class=\"button color1\" href=\"#contact-1\" target=\"_self\" data-icon=\"\" rel=\"noopener noreferrer\">NOUS CONTACTER<\/a>  <\/div>\n<div  class=\"about-images-right-imgcol\"><img  decoding=\"async\" class=\"about-images-right-topimg\" src=\"https:\/\/cabinet-chambet-avocats.com\/wp-content\/uploads\/2020\/09\/FRA-Cabinet-Chambet-01-_DSF5049.jpg\"><img  decoding=\"async\" class=\"about-images-right-rightimg\" src=\"https:\/\/cabinet-chambet-avocats.com\/wp-content\/uploads\/2020\/09\/FRA-Cabinet-Chambet-21-_T205454.jpg\"><img  decoding=\"async\" class=\"about-images-right-leftimg\" src=\"https:\/\/cabinet-chambet-avocats.com\/wp-content\/uploads\/2020\/11\/FRA-Cabinet-Chambet-14-_DSF5098.jpg\"> <\/div>\n<\/p><\/div>\n<\/p><\/div>\n<\/div>\n<div  data-label=\"Equipe\" data-id=\"features-image-cards-section\" data-category=\"features\" class=\"features-image-cards-section\" style=\"background-color: rgb(246, 246, 246); background-image: none;\" id=\"equipe\" data-ovid=\"ovid-features-2-2481\">\n<div  class=\"\">\n<div  class=\"features-image-cards-textrow\">\n<div  class=\"features-image-cards-textcol dynamic-color\" data-type=\"column\">\n<h2  class=\"\">Notre \u00e9quipe<\/h2>\n<\/p><\/div>\n<\/p><\/div>\n<div  class=\"features-image-cards-innerrow flexbox-list dark-text\" data-type=\"row\">\n<div  class=\"features-image-cards-cardcol cp6cols-tablet cp3cols\">\n<div  class=\"features-image-cards-cardrow\"><img  decoding=\"async\" class=\"features-image-cards-featimg\" src=\"https:\/\/cabinet-chambet-avocats.com\/wp-content\/uploads\/2021\/09\/Vale\u0301rie-NB-WEB-4.jpg\" alt=\"\"> <\/p>\n<div  class=\"features-image-cards-cardtextrow\" data-type=\"column\">\n<h4  class=\"\">Ma\u00eetre Val\u00e9rie Chambet<\/h4>\n<p  class=\"\">Avocate associ\u00e9e<\/p>\n<hr  class=\"features-image-cards-separator\"> <\/div>\n<\/p><\/div>\n<\/p><\/div>\n<\/p><\/div>\n<\/p><\/div>\n<\/div>\n<div  data-label=\"Sanitaire\" data-id=\"testimonials-full-section\" data-category=\"testimonials\" id=\"sanitaire\" class=\"testimonials-full-section\" style=\"background-color: rgb(246, 246, 246); background-image: none;\" data-ovid=\"ovid-testimonials-2-2987\">\n<div  class=\"testimonials-full-section gridContainer\">\n<div  class=\"testimonials-full-textrow dynamic-color\">\n<div  class=\"testimonials-full-textcol\" data-type=\"column\">\n<h2  class=\"\">Mise en place de mesures sanitaires<\/h2>\n<p  class=\"\">Afin de pr\u00e9server votre sant\u00e9 et votre s\u00e9curit\u00e9 ainsi que celles de nos collaborateurs, nous vous remercions de bien vouloir vous conformer aux r\u00e8gles suivantes lors de votre passage \u00e0 notre cabinet.<\/p>\n<\/p><\/div>\n<\/p><\/div>\n<div  class=\"testimonials-full-itemsrow dynamic-color\" data-type=\"row\">\n<div  class=\"testimonials-full-itemcol cp6cols-tablet cp4cols\">\n<div  class=\"testimonials-full-imgcol\"><img  decoding=\"async\" class=\"testimonials-full-itemimg\" data-size=\"500x500\" src=\"https:\/\/cabinet-chambet-avocats.com\/wp-content\/uploads\/2020\/07\/cropped-image001.png\"> <\/div>\n<div  class=\"testimonials-full-itemtextcol\" data-type=\"column\">\n<p  class=\"\">Vous munir de masque et le porter d\u00e8s votre entr\u00e9e dans nos locaux.<\/p>\n<\/p><\/div>\n<\/p><\/div>\n<div  class=\"testimonials-full-itemcol cp6cols-tablet cp4cols\">\n<div  class=\"testimonials-full-imgcol\"><img  decoding=\"async\" class=\"testimonials-full-itemimg\" data-size=\"500x500\" src=\"https:\/\/cabinet-chambet-avocats.com\/wp-content\/uploads\/2020\/07\/cropped-image002.jpg\"> <\/div>\n<div  class=\"testimonials-full-itemtextcol\" data-type=\"column\">\n<p  class=\"\">\u00catre \u00e0 l\u2019heure au rendez-vous, l\u2019attente se faisant \u00e0 l\u2019entr\u00e9e du cabinet.<\/p>\n<\/p><\/div>\n<\/p><\/div>\n<div  class=\"testimonials-full-itemcol cp6cols-tablet cp4cols\">\n<div  class=\"testimonials-full-imgcol\"><img  decoding=\"async\" class=\"testimonials-full-itemimg\" data-size=\"500x500\" src=\"https:\/\/cabinet-chambet-avocats.com\/wp-content\/uploads\/2020\/07\/cropped-image003.jpg\"> <\/div>\n<div  class=\"testimonials-full-itemtextcol\" data-type=\"column\">\n<p  class=\"\">A votre arriv\u00e9e, vous d\u00e9sinfecter les mains au moyen du gel hydroalcoolique mis \u00e0 votre disposition (colonne s\u2019actionnant avec le pied).<\/p>\n<\/p><\/div>\n<\/p><\/div>\n<div  class=\"testimonials-full-itemcol cp6cols-tablet cp4cols\">\n<div  class=\"testimonials-full-imgcol\"><img  decoding=\"async\" class=\"testimonials-full-itemimg\" data-size=\"500x500\" src=\"https:\/\/cabinet-chambet-avocats.com\/wp-content\/uploads\/2020\/07\/cropped-image004.png\"> <\/div>\n<div  class=\"testimonials-full-itemtextcol\" data-type=\"column\">\n<p  class=\"\">Respecter une distance minimum d\u2019un m\u00e8tre entre les personnes.<\/p>\n<\/p><\/div>\n<\/p><\/div>\n<div  class=\"testimonials-full-itemcol cp6cols-tablet cp4cols\">\n<div  class=\"testimonials-full-imgcol\"><img  decoding=\"async\" class=\"testimonials-full-itemimg\" data-size=\"500x500\" src=\"https:\/\/cabinet-chambet-avocats.com\/wp-content\/uploads\/2020\/07\/cropped-image005-2.jpg\"> <\/div>\n<div  class=\"testimonials-full-itemtextcol\" data-type=\"column\">\n<p  class=\"\">Vous munir de votre stylo personnel pour toute signature.<\/p>\n<\/p><\/div>\n<\/p><\/div>\n<div  class=\"testimonials-full-itemcol cp6cols-tablet cp4cols\">\n<div  class=\"testimonials-full-imgcol\"><img  decoding=\"async\" class=\"testimonials-full-itemimg\" data-size=\"500x500\" src=\"https:\/\/cabinet-chambet-avocats.com\/wp-content\/uploads\/2020\/07\/cropped-top.png\"> <\/div>\n<div  class=\"testimonials-full-itemtextcol\" data-type=\"column\">\n<p  class=\"\"><span  style=\"color: rgb(154, 1, 1);\">Nous vous remercions de votre compr\u00e9hension.<\/span><br ><span  id=\"_mce_caret\" data-mce-bogus=\"1\" data-mce-type=\"format-caret\"><span  style=\"color: rgb(154, 1, 1);\">\ufeff<\/span><\/span><span  id=\"_mce_caret\" data-mce-bogus=\"1\" data-mce-type=\"format-caret\"><span  style=\"color: rgb(154, 1, 1);\">\ufeff<\/span><\/span><\/p>\n<\/p><\/div>\n<\/p><\/div>\n<\/div><\/div>\n<\/div>\n<div  data-label=\"Contact\" data-id=\"contact-section\" data-category=\"contact\" data-bg=\"transparent\" class=\"contact-section-formsection white-text contact-section\" id=\"contact-4\">\n<div  class=\"gridContainer\">\n<div  class=\"row_224\">\n<div  class=\"contact-textrow\">\n<div  class=\"contact-textcol dynamic-color\">\n<h2 >Contactez-nous<\/h2>\n<p  class=\"white_text\">\n<\/p><\/div>\n<\/p><\/div>\n<\/p><\/div>\n<div  class=\"contact-formcol\" data-content-shortcode=\"one_page_express_contact_form shortcode=&quot;ninja_form id=&amp;amp;#39;1&amp;amp;#39;&quot;\" data-editable=\"true\">[one_page_express_contact_form shortcode=\u00a0\u00bbninja_form id=&amp;#39;1&amp;#39;\u00a0\u00bb]<\/div>\n<\/p><\/div>\n<\/div>\n<div  data-label=\"Contact\" data-id=\"contact-2columns-section\" data-category=\"contact\" class=\"contact-2columns-section\" id=\"contact-1\" style=\"background-color: rgb(255, 255, 255); background-image: none;\" data-ovid=\"ovid-contact-1-352\">\n<div  class=\"gridContainer dynamic-color\">\n<div  class=\"contact-2columns-textrow\">\n<div  class=\"contact-2columns-textcol\">\n<h2 >Contact<\/h2>\n<p >\n<\/p><\/div>\n<\/p><\/div>\n<div  class=\"contact-2columns-contentrow\">\n<div  class=\"contact-2columns-formrow\">\n<div  class=\"contact-2columns-formcol\" data-content-shortcode=\"one_page_express_contact_form shortcode=&quot;ninja_form id=&amp;amp;#39;2&amp;amp;#39;&quot;\" data-editable=\"true\">[one_page_express_contact_form shortcode=\u00a0\u00bbninja_form id=&amp;#39;2&amp;#39;\u00a0\u00bb]<\/div>\n<div  class=\"contact-2columns-contactcol\">\n<h5 ><\/h5>\n<p >\n<h5 >&nbsp;<\/p>\n<p>SELARL Valerie Chambet<\/p>\n<p><br ><br \/>\nSoci\u00e9t\u00e9 d\u2019avocats <\/p>\n<p>11, avenue Charles de Gaulle <\/p>\n<p>74800 La-Roche-sur-Foron<\/p>\n<p><br ><br \/>\nTel : 04.50.03.18.62<\/p>\n<p><br ><br \/>\ncontact(at)cabinet-chambet-avocats.com<\/p>\n<p><br ><br \/>\nFax : 04.50.03.20.45<\/h5>\n<div  class=\"contact-2columns-itemrow\">\n<div  class=\"contact-2columns-iconcol\"> <i  class=\"font-icon-contact-form fa fa-map-marker color6\" data-cp-fa=\"true\" data-reiki-hidden=\"true\"> <\/i> <\/div>\n<div  class=\"column_284\">\n<p  class=\"contact-2columns-itemtextcol\">\n<\/p><\/div>\n<\/p><\/div>\n<div  class=\"contact-2columns-itemrow\">\n<div  class=\"contact-2columns-iconcol\"> <i  class=\"font-icon-contact-form fa fa-phone color6\" data-cp-fa=\"true\" data-reiki-hidden=\"true\"> <\/i> <\/div>\n<div  class=\"column_284\">\n<p  class=\"contact-2columns-itemtextcol\">\n<\/p><\/div>\n<\/p><\/div>\n<div  class=\"contact-2columns-itemrow\">\n<div  class=\"contact-2columns-iconcol\"> <i  class=\"font-icon-contact-form fa fa-envelope-o color6\" data-cp-fa=\"true\" data-reiki-hidden=\"true\"> <\/i> <\/div>\n<div  class=\"column_284\">\n<p  class=\"contact-2columns-itemtextcol\">\n<\/p><\/div>\n<\/p><\/div>\n<div  class=\"contact-2columns-itemrow\">\n<div  class=\"contact-2columns-iconcol\"> <i  class=\"font-icon-contact-form fa fa-fax color6\" data-cp-fa=\"true\" data-reiki-hidden=\"true\"> <\/i> <\/div>\n<div  class=\"column_284\">\n<p  class=\"contact-2columns-itemtextcol\">\n<\/p><\/div>\n<\/p><\/div>\n<\/p><\/div>\n<\/p><\/div>\n<\/p><\/div>\n<\/p><\/div>\n<\/p><\/div>\n","protected":false},"excerpt":{"rendered":"<p>Bienvenue La SELARL Val\u00e9rie Chambet, soci\u00e9t\u00e9 d\u2019avocats, vous accueille \u00e0 La-Roche-sur-Foron (Haute Savoie). Toute notre \u00e9quipe est \u00e0 votre disposition pour vous conseiller et d\u00e9fendre vos int\u00e9r\u00eats. Nous exer\u00e7ons une activit\u00e9 dominante en droit des personnes devant les juridictions civiles (telles le Tribunal Judiciaire (dont le juge aux affaires familiales et le juge des enfants) [&hellip;]<\/p>\n","protected":false},"author":1,"featured_media":228,"parent":0,"menu_order":0,"comment_status":"closed","ping_status":"open","template":"full-width-page.php","meta":{"footnotes":""},"_links":{"self":[{"href":"https:\/\/cabinet-chambet-avocats.com\/index.php\/wp-json\/wp\/v2\/pages\/2"}],"collection":[{"href":"https:\/\/cabinet-chambet-avocats.com\/index.php\/wp-json\/wp\/v2\/pages"}],"about":[{"href":"https:\/\/cabinet-chambet-avocats.com\/index.php\/wp-json\/wp\/v2\/types\/page"}],"author":[{"embeddable":true,"href":"https:\/\/cabinet-chambet-avocats.com\/index.php\/wp-json\/wp\/v2\/users\/1"}],"replies":[{"embeddable":true,"href":"https:\/\/cabinet-chambet-avocats.com\/index.php\/wp-json\/wp\/v2\/comments?post=2"}],"version-history":[{"count":82,"href":"https:\/\/cabinet-chambet-avocats.com\/index.php\/wp-json\/wp\/v2\/pages\/2\/revisions"}],"predecessor-version":[{"id":247,"href":"https:\/\/cabinet-chambet-avocats.com\/index.php\/wp-json\/wp\/v2\/pages\/2\/revisions\/247"}],"wp:featuredmedia":[{"embeddable":true,"href":"https:\/\/cabinet-chambet-avocats.com\/index.php\/wp-json\/wp\/v2\/media\/228"}],"wp:attachment":[{"href":"https:\/\/cabinet-chambet-avocats.com\/index.php\/wp-json\/wp\/v2\/media?parent=2"}],"curies":[{"name":"wp","href":"https:\/\/api.w.org\/{rel}","templated":true}]}}